 w be 0/(2/(-2) - -3). Suppose 4*c - 9 = m - w, -9 = -m - 2*c. What is the units digit of m?
3
Let s(d) be the second derivative of 19*d**5/30 + d**4/24 + d**3/6 - 3*d**2/2 + 7*d. Let i(z) be the first derivative of s(z). What is the tens digit of i(-1)?
3
Let x(y) = y**2 + 6*y - 1. Let c = -16 - -9. Let a be x(c). Suppose a*p - 2*p - 72 = 0. What is the tens digit of p?
1
Let u(c) = -109*c + 86. What is the units digit of u(-2)?
4
Let u = 1452 - -1010. What is the thousands digit of u?
2
Suppose 33*s - 31*s = 690. Suppose -6*t + s = -3*t. What is the units digit of t?
5
Suppose 4*x = 3 + 5. Suppose 0 = -4*c + x*t + 2 - 8, 5*c = -2*t + 6. Suppose -4*z + 143 - 15 = c. What is the units digit of z?
2
Let i(n) = 11*n**2 - 13*n + 109. What is the tens digit of i(6)?
2
Let g = 656 + -10. What is the units digit of g?
6
Let w(o) = 2*o**3 - 11*o**2 - 2*o - 14. Let t be w(6). What is the units digit of 2*(5 + t) + -3?
7
Suppose -2*b + 61 = -5. Suppose -2*s + 91 = t + b, 0 = 3*t + s - 184. What is the tens digit of t?
6
Let z = -285 - -505. What is the units digit of z?
0
Let h(i) = -i - 78. Let v(j) = -j - 39. Let w(k) = -3*h(k) + 5*v(k). What is the units digit of w(11)?
7
Suppose -2*c = f - 15, -4*c + f + 15 = -24. Let t(x) = 1 + 1 - 8*x + x**2 + 2 + 3. What is the units digit of t(c)?
6
Suppose -5*w - 2570 = -4*z, -7 + 1 = 3*w. What is the units digit of z?
0
Let z(x) be the second derivative of -x**4/12 - x**3 + 3*x**2/2 + 8*x. What is the units digit of z(-4)?
1
Let j(s) = s**2 - 5. Let i be 1*(-1)/(-1) - 4. Let y be j(i). Suppose n - r = 4*r + 13, -124 = -4*n - y*r. What is the tens digit of n?
2
Suppose -15*a + 9*a = -11394. What is the tens digit of a?
9
Let q be (-21)/(-6) + (-1)/(-2). Suppose 4*n = -q*m + 268, 3*n + 4*m + 85 - 282 = 0. What is the units digit of n?
1
Suppose 5*n = -13*n + 71496. What is the tens digit of n?
7
Let t = 1 + 3. Suppose 0 = -3*g + 6, t*l - 2*g = -3*g + 14. Let r = l - -3. What is the units digit of r?
6
What is the units digit of 4/9 + (-614422)/(-666)?
3
Let l be 6/(-5)*(-30)/12. Suppose l*a = 4*a + 25. What is the tens digit of (-157)/(-5) - (-10)/a?
3
Let o(r) be the third derivative of r**5/60 - r**4/4 + 5*r**3/3 - 10*r**2. Let a be o(11). What is the tens digit of (4 - a - -4)*-1?
5
Let q = -5 - -11. Let m be 208/q*21/14. Suppose 2*f - 3*f = v - 32, -2*v + f = -m. What is the tens digit of v?
2
Suppose -29 = 5*i + 3*p - 4*p, 0 = -3*i + 3*p - 15. Let w(j) = j**3 + 7*j**2 + 5*j + 1. Let t be w(i). Let o = t - -30. What is the tens digit of o?
3
Let x = 17 - -50. What is the units digit of x?
7
Let t be (-133)/8*-2*4. Suppose -5*l + 911 = 211. Suppose -7*y + t = -l. What is the units digit of y?
9
Let i = 595 + -386. What is the hundreds digit of i?
2
Suppose 4 = -2*m - 16. Let x be m*(-2 - (-3)/2). Suppose x*v = -0*v + 105. What is the units digit of v?
1
Let t(r) = 9*r + 11. Suppose 2*d - 4*d + 10 = 0. What is the units digit of t(d)?
6
Suppose -4*q + 19 = 7. Suppose -q*g + o = -46, -2*g + 35 = 2*o - 7*o. What is the units digit of (-10)/(-5) + g + 2?
9
Suppose 3*y - 6 - 6 = 0. Suppose -3*k + 6*t - 3*t = -192, -y*k + 260 = -3*t. What is the units digit of k?
8
Let q(i) = -i**3 - 24*i**2 - 44*i - 28. Let l be q(-22). What is the units digit of l/6*(3 - 18*2)?
4
Let q(l) = l**3 + 7*l**2 + 7*l + 6. Suppose 0 = -0*b - 4*b - 4, -4*j - 24 = 4*b. Let r be q(j). What is the units digit of 12/r + (-51)/(-21)?
3
Let l(h) = 36*h**3 - h**2 + 11*h - 2. What is the tens digit of l(4)?
3
Suppose -45*v + 40*v + 5725 = b, -4566 = -4*v + 2*b. What is the hundreds digit of v?
1
Let d(y) = -39*y - 19. Let f be d(-2). Let w = f - 30. What is the units digit of w?
9
Suppose -2*b = x - 288, x - 3 = -7. Suppose -5*w + b + 514 = 0. What is the tens digit of w?
3
Suppose 0 = 58*a + 34*a - 216936. What is the tens digit of a?
5
Let w(l) = -2 + l + 5 + 10 - 1. Let y be w(-9). Let x(f) = 2*f**3 - 3*f**2 - 2*f + 1. What is the units digit of x(y)?
2
Let o(q) = -3*q**3 + 8*q**2 + 7*q. Let g(l) = l**3 - l**2 - l - 1. Let s(y) = -4*g(y) - o(y). What is the units digit of s(-5)?
4
Suppose u - 5 = -16. Let y = u - -14. Suppose 0 = -3*g - y*o + 22 + 140, -3*g + 2*o + 137 = 0. What is the units digit of g?
9
Let l be ((-16)/(-20)*3)/(8/60). Let q(o) = o**2 - 3*o - 6. Let w be q(5). Let r = w + l. What is the units digit of r?
2
Suppose -32 = -3*t + 2*v, -6*t - 5*v + 4 = -3*t. Let y(w) = -w**2 + 9*w - 3. Let j be y(t). Suppose r = -j*r + 156. What is the tens digit of r?
2
Suppose -365067 + 103971 = -92*g. What is the tens digit of g?
3
Let m = -537 + 783. What is the hundreds digit of m?
2
Let c(i) = -37*i + 74. What is the units digit of c(-12)?
8
What is the hundreds digit of (70/(-75))/(-7) - 7183/(-15)?
4
What is the hundreds digit of 212/(((-2)/(-12))/((-20)/(-80)))?
3
Let l = 1 + -9. Let v(j) = j**3 + 9*j**2 + 6*j + 10. Let n be v(l). Let x = 80 - n. What is the units digit of x?
4
Suppose -2*j = z - 4*z - 679, -4*j + 1354 = -2*z. What is the hundreds digit of j?
3
Let a be (86/6)/((-8)/72). What is the tens digit of (0 + -1)/1*a?
2
Let l(s) = s**3 + 9*s**2 - s - 1. Let g be l(-7). Suppose 66 = 5*u - g. What is the tens digit of u?
3
Suppose 5*o = -t + 73, o = -4*t + 2*o + 397. Let g be (-3)/(-7) - 238/t. What is the units digit of (-47)/g + (-3)/6?
3
Suppose 2*s - 11 + 13 = 0. What is the tens digit of -2 + (3 - (s + -28))?
3
Suppose 4*k + 16 = -4. Let l = k - 7. What is the units digit of (-1 + 56/l)*-3?
7
Let a(k) = -k**2 + 8*k - 6. Suppose 14 = o - 3*u, 2*o + u - 7 = -0*o. Let c be a(o). What is the tens digit of c/(6 - 3) + 26?
2
Suppose 280 = f - 190. What is the tens digit of f?
7
Let w = 2947 + -1184. What is the hundreds digit of w?
7
Let b be 3/5 - 4/(-10). Let y be (-2)/(b*6/(-405)). Suppose -5*p - 3*d = -y, 3*p - 5*d = 2*p - 1. What is the tens digit of p?
2
Let z(i) = i**3 - 3*i**2 + i - 10. Let a be z(3). Let y(x) = -5*x - 24. What is the tens digit of y(a)?
1
Suppose 4*z - 5*d + 9 - 1 = 0, 3*z + 4*d + 6 = 0. What is the hundreds digit of 2/(-8) + z + (-1754)/(-8)?
2
Let l = -3 - -6. Let d = 23 - l. Suppose 0 = -5*h + d + 20. What is the units digit of h?
8
Let o be (-3 - 20/(-8))*(361 + -5). Let f = -38 - o. What is the units digit of f?
0
Let i = 14 - 4. Let l(r) = r + 13. Let h be l(i). Suppose 1 = 2*c - h. What is the tens digit of c?
1
Let j be (-1 + 15/6)*2. Suppose 3*w - 2*p = j*p + 182, -4*w + 224 = -2*p. What is the tens digit of w?
5
Let x be (-19)/76 - (-154)/8. Let v = x + -9. Suppose -5*z - 220 = -v*z. What is the units digit of z?
4
Let x(j) = -5 + 7*j**2 - j**2 + 5 - j**3 + 9*j. Suppose 0 = -3*t + 3, 3*i + 4*t = -0*i + 25. What is the tens digit of x(i)?
1
Let n(b) = 2*b**3 + 65*b**2 + 46*b - 2. What is the thousands digit of n(-31)?
1
What is the tens digit of ((-2278)/85)/(2/(-5))?
6
Suppose 2*l - 2*t = -6, 4 = -5*l - t + 19. Suppose -l*z = z. Suppose 0*d + d + 42 = x, 3*d + 3 = z. What is the units digit of x?
1
Let i = -31 - -59. Let u = i + -14. What is the units digit of u?
4
Let c = -507 + 594. What is the tens digit of c?
8
Let i(a) = -a**3 - a**2 + 10*a - 2. Let o be i(-5). Suppose 4*m + 26 = 6*m - 4*d, -m - 5*d + o = 0. Let n = m - 6. What is the tens digit of n?
1
Let a(g) = -g**3 + 8*g**2 + 3*g + 2. Suppose 2*y = -2*v - 0*y - 12, -3*v + 4*y = -10. Let o = 10 + v. What is the units digit of a(o)?
6
Let p(x) = 4*x**3 - 2*x**2 - 3*x - 4. Let d be ((-3)/2)/(2/(-4)). Let h be p(d). Suppose -y = 4*i - h - 40, y = i - 23. What is the units digit of i?
8
Let h(d) = 29*d**2 - 9*d + 10. Let g be h(1). What is the units digit of 6828/g + (-4)/(-10)?
8
Let u = 386 + 86. What is the tens digit of u?
7
Suppose u + 9 = 4*u. Let n(w) = -58 + u*w + 58 + 53*w. What is the tens digit of n(1)?
5
Let u(q) be the second derivative of -q**4/6 - q**3/2 - q**2/2 + 4*q. Let s be u(-2). Let x(g) = -g**3 - 3*g**2 - 4*g - 1. What is the units digit of x(s)?
1
Suppose -5*m + 1621 = -4*h - 1668, m - 2*h = 653. What is the hundreds digit of m?
6
Let j = 73 - 398. Let n = 638 + j. What is the tens digit of n?
1
Suppose -5*h + 11 = -4*z, -4*h = -6*h + z + 2. What is the units digit of (-1)/(-1)*(h + 3 - -46)?
8
Suppose 3*z = 3*i + 3879, z = 38*i - 39*i + 1293. What is the units digit of z?
3
Let f = 17 + 820. What is the units 